rs of i?
2, 3
Let c(r) = 6*r**2 + 34*r + 20. Let f(p) = -p**2 - 7*p - 4. Let u(h) = -2*c(h) - 11*f(h). Let b be u(11). List the prime factors of (-652)/b - (-2)/(-9).
2, 3
Let m be (20/8)/(1/(-2)). Let v be -10 + m + -2 + 4. What are the prime factors of v/(-1) - 3 - 1?
3
Suppose 4*l + 5*w - 1181 = 0, 108*l + 3*w = 111*l - 906. What are the prime factors of l?
13, 23
Suppose -w + 23 = 5*a, -2*a = a + 2*w - 18. What are the prime factors of 194 + -1 - (-12)/a?
2, 7
Suppose 3*d = 35*d - 12000. What are the prime factors of d?
3, 5
Let y(k) = -2*k + 16. Let u(a) be the third derivative of a**5/60 - 3*a**4/8 + 11*a**3/6 + a**2. Let d be u(6). What are the prime factors of y(d)?
2, 3, 5
Suppose u = 3*j - 10, -3*u + 3 - 19 = -2*j. Suppose j*p = 4*p - 760. Suppose 3*h - p = -2*h. List the prime factors of h.
2, 19
Suppose 5*b = -4*o + 37, 4*o - 5*b + 1 = -12. List the prime factors of o*(3 + (-488)/(-12)).
131
Suppose 5528 = 2*s - 2*l, 3*s - 4*l - 7757 - 536 = 0. What are the prime factors of s?
3, 307
Let s = 727 + -352. Suppose 2*n - s = -n. Suppose 6*t - 109 = n. What are the prime factors of t?
3, 13
Suppose -5*t - 39 = z, 0 = -4*z - 0*z + 3*t - 110. Let c = 0 - z. What are the prime factors of c?
29
Suppose 290 = -3*m + 65. List the prime factors of ((-400)/m)/(4/66).
2, 11
Let d(x) = x**3 - 3*x**2 - 2*x - 5. Let t be d(4). Suppose -22 = t*w - 64. List the prime factors of w.
2, 7
Suppose 4*m = -m + n + 19, m + 3*n - 7 = 0. Suppose -m*b + 3*x - 2*x - 43 = 0, -5*b - 4*x = 80. Let z = b + 34. List the prime factors of z.
2, 11
Suppose s + 0 = 11. Let b be s/(-22) + 2/(-4). What are the prime factors of b/2*(2 - 48)?
23
Suppose 0 = 5*v + 2*f - 44, -5*v + 0*f = -4*f - 32. Let b(c) = c**2 - v + 0*c**2 + 2*c + 0*c**2 + 12. List the prime factors of b(-3).
7
Let s(y) = 166*y**2 - 3*y + 3. List the prime factors of s(2).
661
Let q = 51 - -271. What are the prime factors of q?
2, 7, 23
Let b(x) = -x**3 + 6*x**2 + x - 4. Let w be b(6). Suppose -3 = -h - w. List the prime factors of (-104)/(-16) - h/2.
2, 3
Let q = 894 - 408. List the prime factors of q.
2, 3
Let u = 47 + -50. What are the prime factors of -261*(u/9)/((-2)/(-4))?
2, 3, 29
Let v = -13 + 15. List the prime factors of v - -88 - (0 + -3).
3, 31
Let b = 106 + -58. Suppose 2*q = -0*q + b. List the prime factors of q.
2, 3
Suppose 29 - 80 = -t. Suppose -189 = -5*m - 4*j, t - 2 = m - 2*j. List the prime factors of m.
41
Suppose 2*m - 2*c - 620 = -3*m, 3*c + 248 = 2*m. List the prime factors of m.
2, 31
Let u(x) = -33*x**3 - x - 1. Let g be u(-1). Let j = g - -41. Let z = -47 + j. List the prime factors of z.
3
Let n = -1027 - -1742. What are the prime factors of n?
5, 11, 13
Let r = 571 + -325. Suppose -3*k = -3*y + r, k - 5*k = -y + 85. List the prime factors of y.
3
Suppose 2*l - g = g + 30, 76 = 5*l - 4*g. Suppose -5*b = -2*w - 6, -4*b + 2*w - 6*w = -l. List the prime factors of b/(-3)*36/(-8).
3
Let z be ((-19)/57)/(1/(-1251) - 0). Suppose 0 = -10*q + 13*q - z. What are the prime factors of q?
139
Let k = -253 - -655. Suppose 262 = 8*n - k. What are the prime factors of n?
83
Let i be (-12)/18 + (-4)/(-6). Suppose 2*o - 269 - 183 = i. List the prime factors of o.
2, 113
Suppose 0 = -4*w + 3*w + 3. Suppose w*i + 84 = 549. List the prime factors of i.
5, 31
Let i be ((-6)/4)/(((-99)/(-24))/(-11)). List the prime factors of (159/(-3))/(2*(-2)/i).
53
Let q be -1 + 0 - (31 - 10). Let s = q + 37. List the prime factors of s.
3, 5
Suppose 3*m + 4*u = -65, -2*m - 4*u = -4*m - 50. Let c = 25 + m. Suppose -c*k - 6 = -30. List the prime factors of k.
2, 3
Suppose -5*n + 14 = 4. What are the prime factors of (-4)/8 - (-7)/n?
3
Let x = -1697 + 3315. List the prime factors of x.
2, 809
Suppose 0*v + 9 = 3*w + 2*v, -10 = 5*w - 5*v. Let p be (2/1 - w)/(-1). List the prime factors of 5/(3/(p + 7)).
2, 5
Let o be (1/2)/((-1)/(-2)). Suppose 3*q = 2*n - o, -5*n - 4*q = -4*n - 6. List the prime factors of 55*(6 - 4)/n.
5, 11
Let b = 757 + 607. What are the prime factors of b?
2, 11, 31
Suppose 0 = 2*l + 5*o - 905, 2*o = -5*l + 3*o + 2222. Let p = 627 - l. What are the prime factors of p?
2, 7, 13
Let a = 11 - 8. Suppose 118 = a*d - 8. What are the prime factors of d?
2, 3, 7
Let i(v) = v + 12. Let r be i(-10). Suppose -p + 198 = r*p. Suppose 4*g + p = 2*q + 18, -g + 12 = q. List the prime factors of q.
2
Let k be (4 + 2)/(6/340). Suppose 0 = -4*c - 0*f + f + 330, -4*f = 4*c - k. List the prime factors of c.
83
Suppose 4*b - 7 - 45 = 0. Let o(v) = 2*v + b*v**2 - 5*v + 12*v**2 + 4*v. List the prime factors of o(-1).
2, 3
Let n = 915 - 752. What are the prime factors of n?
163
What are the prime factors of 30/(-5)*(-4110)/36?
5, 137
Let y(r) = 3*r + 21. Let x be y(-6). Suppose -v + c = -41, 3*v - v - 87 = x*c. What are the prime factors of v?
2, 3
Let n(g) = g**3 + 5*g**2 - 3*g - 14. Let p be n(-9). Let w = -199 - p. What are the prime factors of w?
2, 7
Suppose 2*o - 6*o = -2*m + 1208, -o + 1183 = 2*m. What are the prime factors of m?
2, 3, 11
Let y(x) = -3*x**2 + 6*x + 9. Let s(n) = -n**2 - n - 1. Suppose -3*d = 0, -2*k + k - 2 = -d. Let p(c) = k*s(c) + y(c). What are the prime factors of p(9)?
2
Let x be 37 + 3*(-3)/9. Let i be (-192)/x*234/(-4). Suppose 4*d + i = 4*c, 7*c + 4*d - 199 = 4*c. What are the prime factors of c?
73
Let q = -5 + 30. Let h = 27 + q. Let j = h + 11. List the prime factors of j.
3, 7
Suppose -5424 = -37*w + 17405. List the prime factors of w.
617
Suppose -w - 3 = 5*p + 9, 5*p = 10. List the prime factors of (-561)/w*(-84)/(-9).
2, 7, 17
Let x = 17 + -13. What are the prime factors of (-1336)/(-24) - x/6?
5, 11
Let a(j) = -j**3 - 11*j**2 - 10*j + 6. Suppose 2*w + 14 = -6. Let x be a(w). Suppose 3*p - x = 36. List the prime factors of p.
2, 7
Suppose -2*h - 6 = 4*z - 2*z, h + 23 = -5*z. Let o be -2*13/h*3. Let s = o + 67. What are the prime factors of s?
2, 7
Let j(g) = g + 3. Let t be j(5). Let k(b) = 5 + 2 + b**2 + 6 + t*b - 4. What are the prime factors of k(-7)?
2
List the prime factors of (-352)/(-55)*(-510)/(-4).
2, 3, 17
Let c = 7 - 4. Suppose t = -c*t. Suppose 2*g + 3*w = w + 14, t = -4*w + 16. What are the prime factors of g?
3
Let j = 1528 - 367. What are the prime factors of j?
3, 43
Let p(z) = z**2 + 4*z - 1. Let k be p(-4). What are the prime factors of k + -3 + 6 - -47?
7
Let i = 2 + 0. Let b(n) = 3 + 4*n**2 + n**2 - 4*n**i - 10*n. List the prime factors of b(10).
3
Let n = 177 + -105. What are the prime factors of (-475)/(-9) + 16/n?
53
Let x = -2 - 1. List the prime factors of (-1)/x*(35 - 2).
11
Suppose -1 = -2*l - 3*c + 17, 4*c = -4*l + 40. Let j(o) = -6 - 1 - 11*o**2 + 10 - o**3 + l - o. List the prime factors of j(-11).
2, 13
Suppose 8*u = -5*l + 10*u + 20787, -l - 4*u = -4153. What are the prime factors of l?
4157
Let n(r) = 3*r**2 - 4*r + 4. Let s(j) = j**3 + 3*j**2 + 1. Let c be s(-3). Let h be (c + 9)*6/12. What are the prime factors of n(h)?
59
What are the prime factors of (-20)/(-3)*(5 - 1540/(-25))?
2, 3, 37
Suppose 6304 - 129 = 19*m. What are the prime factors of m?
5, 13
Let s(y) = 2*y + 47. Suppose 6*r + 286 = 17*r. What are the prime factors of s(r)?
3, 11
Suppose 0 = -5*d - 0*d + 3835. List the prime factors of d.
13, 59
Let j = 203 + 80. What are the prime factors of j?
283
Suppose 0 = 5*h + 10*h - 18360. What are the prime factors of h?
2, 3, 17
Suppose -3*z = -3*v - 39, -z - 3*v + 8*v = -17. List the prime factors of z.
2, 3
Suppose 3*d + 5 = 8. Suppose -d = 3*p - 19. What are the prime factors of 90/(-4)*(-4)/p?
3, 5
Let v = -62 + 103. Let k be (-1 + 1 - -2) + 72. Let w = k - v. List the prime factors of w.
3, 11
Let l(i) = i**2 + i. Let b be l(-1). Suppose 8*z - 251 + 3 = b. What are the prime factors of z?
31
Suppose 0*o - o = 2. Let r = 2 + o. Suppose -2*n + 42 = -r. What are the prime factors of n?
3, 7
Let g(i) = 208*i**2 + 6*i + 3. What are the prime factors of g(-1)?
5, 41
Let o be 26*(88/(-240) + 2/(-15)). List the prime factors of (-8)/(-4)*o/(-1).
2, 13
Let x = 23 + -21. List the prime factors of 54/7 - x/(-7).
2
Let q be (1 - 5)/((-14)/21). Let c(g) = -20 + q - 5*g + 2*g. List the prime factors of c(-11).
19
Let d(c) = c**3 + 27*c**2 + 24*c - 168. List the prime factors of d(-22).
2, 431
List the prime factors of (-1)/(5/6)*(-575)/2.
3, 5,